me factors of k.
2, 23
Suppose k = 22 - 0. Let g be (-246)/(-22) + (-4)/k. Suppose -31 = -3*l + g. What are the prime factors of l?
2, 7
Let r(p) = -p**3 + 5*p**2 - p + 7. Let k be r(5). Suppose k*c - 200 = -c + 5*q, 252 = 4*c - 3*q. List the prime factors of c.
2, 3, 5
Suppose 66*r - 782 = 65*r. What are the prime factors of r?
2, 17, 23
Let g = -32 - -29. Let k be 4*2*18/g. What are the prime factors of 2/(-1) - -3 - k?
7
Let i be 8/(4*-1) - 1. Let u be (-2 - (-112)/6)*i. Let w = u - -71. What are the prime factors of w?
3, 7
Suppose 732 = 2*d + h, -8*h = -10*h. Let j = d - 142. What are the prime factors of j?
2, 7
Let f = 13 - 25. Let t be (1 - (-15)/f)*-12. Suppose t*w = 5*r - 2 - 24, -3*r + 2*w + 15 = 0. What are the prime factors of r?
7
Let k = 715 + -457. List the prime factors of k.
2, 3, 43
Let p(s) = -12 + 20*s - 17*s - 2. Let j be p(6). Suppose j*b - 45 = 3*b. List the prime factors of b.
3, 5
Let v be (-3)/(-27)*-2 + 1832/(-18). Let j = -7 - v. List the prime factors of j.
5, 19
Let h be (15 + 2)/(-7 + 8). Let o(q) = 5*q - 23. What are the prime factors of o(h)?
2, 31
Suppose -3*t + 76 = -3*q + 4*q, 5*t = -5*q + 420. Let x = 161 - q. What are the prime factors of x?
73
Let g(z) = z**3 + 6*z**2 - 10*z - 14. List the prime factors of g(13).
3067
Let g = 360 - 172. List the prime factors of g.
2, 47
Suppose 20*x - 65535 - 1325 = 0. List the prime factors of x.
3343
Let m(i) = i**3 - 45*i**2 - 63*i + 48. List the prime factors of m(47).
5, 7, 43
Suppose 0 = 4*i - 16, 5*i + 417 = 4*l - 875. What are the prime factors of l?
2, 41
Suppose -80407 = -34*h + 54403. List the prime factors of h.
5, 13, 61
Let b(j) = 5*j**2 - 7*j - 10. Let g be b(-8). Suppose 419 = 5*w - g. What are the prime factors of w?
157
Let k = -155 - -334. What are the prime factors of k?
179
Suppose 5*o = 5*v - 0*v + 70, -5*o + 2*v = -82. Suppose 250 = o*j - 13*j. List the prime factors of j.
2, 5
Let r(b) = -b**3 - 20*b**2 - 33*b + 89. List the prime factors of r(-19).
5, 71
Suppose 3*l - 10 = -2*l. Suppose o + 0 = -2*t + 4, t = -4*o + 9. Suppose l*b - o*s = 30, 0*b - s + 21 = b. What are the prime factors of b?
2, 3
Suppose -5*x + 3810 = -0*x - 3*d, -d - 5 = 0. List the prime factors of x.
3, 11, 23
Let f(c) = 2*c**3 - c**2 + 2*c + 1. Let p be f(3). Let b = 101 - p. What are the prime factors of b?
7
Suppose 36416 + 340 = 36*g. What are the prime factors of g?
1021
Let r = 26 + -31. Let z be (r/(-4))/((-9)/(-72)). Let l(x) = x + 15. List the prime factors of l(z).
5
Suppose -102 = -5*g - 4*j, g + 3*j - 6 = 21. Suppose 0 = 5*n - 3*v - 262, n - 4*v = -33 + 99. Let i = n - g. List the prime factors of i.
2
Let k = -35 - -35. Suppose 3*x = 4*m + 8*x - 41, 4*m - 2*x - 34 = k. List the prime factors of m.
3
Suppose -4*g - 4*o + 1434 = -2*g, 5*o - 705 = -g. List the prime factors of g.
5, 29
Let x(a) = -14*a - 13. Let s be x(-12). Let d = s + -61. List the prime factors of d.
2, 47
Let f(w) = w**3 + 10*w**2 + 6*w + 14. Let h(m) = 2*m**2 + 15*m - 3. Let z be h(-7). Let p be f(z). Let k = 70 + p. What are the prime factors of k?
2, 3
Let v = -28 + 26. List the prime factors of v + 3 + 91 + -1.
7, 13
List the prime factors of (-8)/(-80) + (-28195)/(-50).
2, 3, 47
Let u(w) = w**2 + 13*w + 89. What are the prime factors of u(-37)?
977
Suppose -3*a - 20 = -4*i, -5*i - 1 + 26 = 0. Suppose -9 = -a*j - 3*j. Suppose 3*p - j*b = -2*b + 35, 4*b + 40 = 2*p. List the prime factors of p.
2, 5
Suppose 160*a - 180*a = -42240. What are the prime factors of a?
2, 3, 11
Let l(u) = -u**2 + 11*u - 9. Let v(a) = -a**2 - 12*a - 3. Suppose 0 = -2*j + o - 18, 2*j - 4*o = j + 5. Let z be v(j). List the prime factors of l(z).
3, 5
Let j(o) = 15*o. Suppose -5*c - 2*t = -11, -18 = 4*c - 8*c + 3*t. What are the prime factors of j(c)?
3, 5
Suppose 4*a - 12 = 0, -6*a = 4*o - 3*a - 7701. List the prime factors of o.
3, 641
Suppose -4*r = -12, 4*r = -4*t + 3*r + 35. Let v(i) = i**3 - 7*i**2 - 1. List the prime factors of v(t).
3, 7
Let i(w) be the second derivative of -8*w**3/3 - 2*w**2 - 16*w. What are the prime factors of i(-3)?
2, 11
Suppose -2*p + 4*p - 10 = 0. Suppose 72 = -0*j + 6*j. Let h = j - p. What are the prime factors of h?
7
Let f(s) = -41*s**2 + 0*s + 27*s**2 - s. Let u be f(1). Let w = u - -46. List the prime factors of w.
31
What are the prime factors of ((-4)/(-6))/(1606/(-402) - -4)?
2, 67
Let m = 2001 - 1210. What are the prime factors of m?
7, 113
Let a = -24 + 23. List the prime factors of (a/3)/((-1)/57).
19
List the prime factors of 5/10*-586*-1.
293
What are the prime factors of (-6)/(-5)*475965/189?
2, 1511
Suppose -2*y - 4 + 6 = 0, 4*d + 4*y - 1904 = 0. What are the prime factors of d?
5, 19
Let d(p) = -p + 2. Let o be d(-2). Let u be o/(-10) + 382/5. Suppose 54 = 2*b - 5*y, -2*b + 6*b - 2*y - u = 0. What are the prime factors of b?
17
Let i = 311 + -209. Suppose 5*r = -2*w + i, -w + 4*r = 2*w - 199. What are the prime factors of w?
61
Let k be (-10 - -8) + 0 + (-64)/(-2). Let i = -5 + 3. Let h = k + i. List the prime factors of h.
2, 7
Let w(b) = 3*b + 21. Let t(i) = 2*i + 20. Let o(l) = -4*l**3 - l**2. Let h be o(1). Let d(v) = h*w(v) + 6*t(v). List the prime factors of d(-5).
2, 3, 5
Suppose 0*z - 2*z = 0. Let h(l) = -l + 1. Let f be h(z). Suppose -v + 25 = f. List the prime factors of v.
2, 3
Let m = 3 + -1. Suppose 0 = -m*n + 8 + 52. List the prime factors of n.
2, 3, 5
Suppose 3*x - 7*x = -304. List the prime factors of ((-4)/8*-3)/6*x.
19
Let f = 89 - 149. Let q be f/18*(-6)/4. Suppose 2*i - 5*v = 2 + 29, -5*i - 10 = q*v. What are the prime factors of i?
3
Let i(o) = 8*o - 20. Let w = 72 + -68. What are the prime factors of i(w)?
2, 3
Suppose -2 = -2*h, 3*x - 4*h + 1364 = 8*x. What are the prime factors of x?
2, 17
Suppose -20*o - 1212 = -23*o. What are the prime factors of o?
2, 101
Let w = 225 + -97. Suppose 2*s + 3*z = 108, z = -2*s + 3*z + w. List the prime factors of s.
2, 3, 5
Suppose -2*i + 3*m = -4796, -70*i = -66*i + 4*m - 9632. List the prime factors of i.
2, 601
Let u(z) = 7 + 2 - z**2 - 5 - 12*z. What are the prime factors of u(-4)?
2, 3
Let d be 4*20/(-32)*-2. Suppose -d*t = 33 + 32. What are the prime factors of 2/(-4)*(t + 7)?
3
Suppose 5*w + 2*p = 22, -w = -4*w - 3*p + 15. Suppose -6*r = -7*r + w, -2*c - 2*r + 528 = 0. What are the prime factors of c?
2, 5, 13
Let w = -19 - -12. Let j be ((-2)/4)/(w/(-406)). Let k = j - -57. List the prime factors of k.
2, 7
What are the prime factors of (168 - 21)*(-37)/(-3)?
7, 37
Suppose 0*y = -2*y. Suppose 4 = x, 4*t - 4*x + 3*x - 132 = y. Suppose -130 = -4*q - 2*z, -q + 9 = -3*z - t. List the prime factors of q.
2, 17
Let j(b) = 5*b**2 - 17*b + 50. What are the prime factors of j(10)?
2, 5, 19
Suppose 2*f + 2*f + l = 14, 0 = -5*l - 10. Suppose -f*c + 4*z - 435 = -1587, 3*c = -4*z + 878. List the prime factors of c.
2, 5, 29
Let d(t) = -12*t + 279. List the prime factors of d(-16).
3, 157
Let z(m) = 6*m. Let c be z(2). Let j(i) = -i + 0*i - 6*i - c + 2*i. What are the prime factors of j(-9)?
3, 11
Suppose 5*a - 22 = -3*o, -5*o - 2 = 4*a - 30. Suppose -q + n - 4 - 4 = 0, 5*q = -3*n. What are the prime factors of (-8)/o*30/q?
2, 5
Let i(h) = h + 13. Suppose -5*w + 3 = -n + 5, -70 = -3*n - w. Let u = n - 27. What are the prime factors of i(u)?
2
List the prime factors of (2/6)/(9/15579).
577
Let h(v) = v - 15. Let i be h(10). Let r be (-2)/i - (-165)/25. What are the prime factors of 2/r + 96/7?
2, 7
Let h(g) = -149 + 12*g - 2*g + 121. What are the prime factors of h(6)?
2
Let x = -132 + 884. What are the prime factors of x?
2, 47
Suppose 0 = -13*y + 1760 + 1867. Suppose 5*j - 2 + y = 2*b, 2*j = 2. List the prime factors of b.
3, 47
Suppose -5*b + 6*f = 2*f + 20, -2*b - 2*f = 8. Let n(c) = -2*c**3 - 5*c**2 - 3*c - 10. What are the prime factors of n(b)?
2, 5
Let w(a) = -9*a - 4. Let d(n) = -1. Let j(b) = 4*d(b) - w(b). Let i be j(1). Suppose -c + i = -4. What are the prime factors of c?
13
Let m(g) = -10*g + 23. Let a be m(-5). Suppose 10*x - a = 497. What are the prime factors of x?
3, 19
Let i = -2919 - -5162. What are the prime factors of i?
2243
Let t(z) = z**3 + 12*z**2 - 3*z - 15. Suppose -5*b = 3*s - 16, 2*s = -0*b - 2*b + 12. Suppose s = 3*j + 43. What are the prime factors of t(j)?
3, 7
Let r(l) = -5*l**3 - 7